 f(5)?
29
Suppose -5*m - 8 = -13. Suppose 2*s - 5*g - 11 = -s, -2*g = -4*s + 24. Calculate the remainder when (s - 6)/(m/35) is divided by 18.
17
Let i = -23 - -31. Calculate the remainder when 22 is divided by i.
6
Let s(h) = -3*h + 5. Let r = -31 - -89. Calculate the remainder when r is divided by s(-5).
18
Let t(y) = -9*y - 1. Let j = -80 - -86. Calculate the remainder when t(-2) is divided by j.
5
Suppose -160 = -2*f + 32. What is the remainder when f is divided by 33?
30
Let o(y) = 2*y**2 - 10*y - 7. Let n be o(10). Suppose -4*w = -n - 3. Calculate the remainder when w is divided by 13.
11
Suppose 2*s + 2*s - 134 = 5*n, -5*n - 10 = 0. Calculate the remainder when s is divided by 8.
7
Calculate the remainder when (-4 - -2)/((-2)/58) is divided by 20.
18
Suppose -4*n + 9 = -3. Suppose -6 = -n*b - 0*b. What is the remainder when 25 is divided by (1 - b - -2)*9?
7
Suppose 2*z = 5*z - 24. Suppose -4*s + 44 = -z. What is the remainder when 38 is divided by s?
12
Let v(b) = 24*b + 1. Let r be v(-1). Let n = r - -34. Calculate the remainder when 32 is divided by n.
10
Let x = 131 - 89. Let s = x + -25. Let a(z) = z**2 - 4*z + 4. Calculate the remainder when s is divided by a(5).
8
Let i be (-4)/(-6) - (-544)/12. Suppose i = 3*q + 7. Let w = -26 + 49. Calculate the remainder when w is divided by q.
10
Suppose 0 - 2 = -y. Suppose -q - 3 = 0, -6*t + y*t - 5*q = -5. Calculate the remainder when -8*(2 + -2 + -1) is divided by t.
3
Let a be 2/5 + (-39)/(-15). Suppose -28 = -2*o + 5*h - a*h, h = 1. Calculate the remainder when o is divided by 99/12 - (-1)/(-4).
7
Suppose 5*l - 3*l = 22. Let q(r) be the second derivative of -5*r**3/6 - r**2/2 + 4*r. Calculate the remainder when l is divided by q(-1).
3
Let d = -61 - -111. What is the remainder when d is divided by 17?
16
Let y = -4 - 3. Let j = y - -15. What is the remainder when j is divided by 5?
3
Let m(d) = 30*d**2 - d. Let f be -1*(-3)/(-3*1). Let a be -1*f*(-1)/(-1). Calculate the remainder when m(a) is divided by 10.
9
What is the remainder when 12 is divided by ((-2)/4)/(9/(-54))?
0
Suppose 3*l + 7*x - 384 = 4*x, -3*l - 2*x = -384. Suppose 4*m = -0*m + l. What is the remainder when 94 is divided by m?
30
Let u(z) = z**3 + 3*z**2 - 3*z - 2. Let i be u(-4). Let m = -9 - i. Calculate the remainder when 1/((-2)/(m + -91)) is divided by 16.
15
Calculate the remainder when 12 is divided by (2/(-3))/((-10)/105).
5
Suppose -n - 2 = -3. Calculate the remainder when (-5)/(10/(-56)) + 3 is divided by (n/(-3))/(4/(-132)).
9
Suppose -497 = -5*k + 53. Calculate the remainder when k is divided by 16.
14
Let u = -31 - -50. What is the remainder when u is divided by 11?
8
Let l = -4 - -9. Suppose 103 = i + n, -503 = -l*i - 0*n + n. Calculate the remainder when i is divided by 26.
23
Suppose -35*b + 37*b = 28. What is the remainder when b is divided by 2/3 - 44/(-6)?
6
Let f(z) = 4*z**2. Let c be f(1). Suppose 3*j + c*v = 4, -2*j - v = -2*v + 1. Suppose j = -2*b + 27 + 1. Calculate the remainder when 40 is divided by b.
12
Suppose 4*l + 140 = 2*l. Let h be l/21*(-84)/10. Suppose 0 = -5*d + 3*d + h. Calculate the remainder when d is divided by 8.
6
Let d(v) = -3*v**3 + 5*v**2 - 2*v - 1. Let k be d(3). Let n(b) = 3*b**2 + 5*b. Let f be n(4). Let w = k + f. What is the remainder when w is divided by 7?
4
Suppose 3*p - m - 190 = 6*p, -20 = -4*m. Let h = p + 43. Let i = -12 - h. Calculate the remainder when i is divided by 6.
4
Let b(l) = 4*l - 19. What is the remainder when 8 is divided by b(6)?
3
Let t be 138 - (-6)/(-9)*-3. Suppose 3*k + 2*n + 142 = -k, -5*n = -5*k - t. Let u = -7 - k. Calculate the remainder when u is divided by 9.
8
Suppose -5*y = -3*y. Suppose -3*j = -y*j, o = 4*j + 20. What is the remainder when (-6)/(-18) + (-226)/(-6) is divided by o?
18
Suppose 32 = 2*y - 5*w, -4*y - y + 4*w + 80 = 0. Let u(k) = 5*k - 4. Let z be u(7). Suppose 2*h - h = z. Calculate the remainder when h is divided by y.
15
Let x(q) = -q**3 + 4*q**2 + 4*q - 7. Calculate the remainder when x(3) is divided by 5.
4
Suppose 84 + 28 = 7*i. What is the remainder when 30/(-7)*7/(-1) is divided by i?
14
Let z be (1/(-2) - -1)*6. Let i = 10 - z. What is the remainder when 27 is divided by i?
6
Let h(p) = 2*p - 2. Let y be h(3). Suppose -5*k - f = 4*f - 45, y*k = 5*f. What is the remainder when 12 is divided by k?
2
Suppose 4*w = 4*x - 6 - 18, 0 = -5*x - w + 36. Let z = x - 15. Let m = 14 + z. What is the remainder when 10 is divided by m?
4
Calculate the remainder when (-6 - 112/(-21))*(1 + -112) is divided by 30.
14
Suppose -o - 10 = -3*o. Suppose o*u + 3*q - 75 = 0, -2*u = -3*u + 2*q + 2. Calculate the remainder when 34 is divided by u.
10
Let o be -5*5/(75/6). Let f = 5 + -1. What is the remainder when 1 + o - (-8 + 1) is divided by f?
2
Let a(n) = -n**3 - 7*n**2 - 7*n + 3. Suppose -5*s = -19 - 1. Calculate the remainder when a(-6) is divided by s.
1
What is the remainder when -2*3*(-45)/10 is divided by 15?
12
What is the remainder when 4/(-3)*231/(-14) is divided by 12?
10
Let m(i) = 0*i**2 - 7*i**2 - 19*i**2 - 66*i**2. Let n be m(-1). Calculate the remainder when n/8*4*-1 is divided by 12.
10
Suppose 4*l + 2*x = 80, -2*l = -2*x - 23 - 17. What is the remainder when 77 is divided by l?
17
Let j(b) be the third derivative of -b**5/60 - 11*b**4/24 - b**3/3 + 3*b**2. Calculate the remainder when 47 is divided by j(-9).
15
What is the remainder when 46 is divided by 18*1*((-11)/(-3) + -3)?
10
Suppose -u + 35 = 4*b, -5*u = -4*u + 2*b - 25. Let h = 90 + u. Calculate the remainder when h is divided by 27.
24
Suppose 82 = 7*z - 16. Calculate the remainder when 81 is divided by z.
11
Let m = -9 - -29. What is the remainder when 57 is divided by m?
17
Suppose 2*n = -f + 57, 0 = 6*f - f + 3*n - 278. Calculate the remainder when 218 is divided by f.
53
Let i = 2 + 17. Suppose 0 = -3*z + 5*z + d - 29, -4*d = 4. Suppose s - 32 = -5*x, 0*x + 3*x = -2*s + z. Calculate the remainder when i is divided by x.
5
Suppose -5*a + 82 = 4*m + 11, 31 = a + 5*m. Calculate the remainder when a is divided by 6.
5
Let v(h) = -h**3 + 7*h**2 + 8*h - 2. Let r be v(8). Suppose -2*i = -7*i + 275. What is the remainder when i is divided by (2*19*-1)/r?
17
Let r(l) = l**3 - 10*l**2 - 11*l + 10. Let h be r(11). What is the remainder when 27 is divided by 3 + -3 - (0 - h)?
7
Let y(p) = p**3 - p**2 - 3*p - 2. Let z be y(3). Let v(s) = -s**2 + 2*s - 4. Let b be v(z). Let a = 67 + b. What is the remainder when a is divided by 10?
8
Let c(k) = k**3 - 5*k**2 + 9. Let x(o) = 6*o**2. Calculate the remainder when c(5) is divided by x(-1).
3
Let u = -36 + 69. What is the remainder when u is divided by 17?
16
Let n be 50/6 + (-5)/15. Suppose -3*p + 4 = -n. Calculate the remainder when 7 is divided by p.
3
Let q(y) be the first derivative of -5*y**3/3 - 3*y**2/2 + 2. Let w be q(3). Calculate the remainder when 12 is divided by w/(-8) + (-1)/(-4).
5
Let n = 13 + -10. Suppose 4*b = -h + 5 + 1, n*b = -5*h + 98. Calculate the remainder when 63 is divided by h.
19
Let o = -16 + 27. Let t(g) = -g**3 + 8*g**2 - 5*g + 6. Calculate the remainder when t(7) is divided by o.
9
Let s = -176 - -253. Calculate the remainder when s is divided by 39.
38
Let c be 2/(5/(-3) - -1). Let d(z) = -4*z - 2. Suppose 3*a = -6, -3*a + 11 = 4*k + 1. What is the remainder when d(c) is divided by k?
2
Let i = -10 + 18. Let q = 4 - 1. Suppose -2*g + 58 = 4*z + 2, -3*g = -q*z + 51. What is the remainder when z is divided by i?
7
Let d = -8 + 14. Suppose 0 = 5*b - 64 - d. Suppose -2*i = -3*l - 34 - 58, -3*i - 5*l = -100. What is the remainder when i is divided by b?
12
Suppose -6 = -5*v + 29. Let n(w) = w**2 + 5*w - 4. Let p be n(6). Suppose -s + p = 3*u, 5*u - 100 = 2*s - 3*s. What is the remainder when u is divided by v?
5
Let j = 162 - 146. What is the remainder when 63 is divided by j?
15
Let r = 140 - 13. Suppose -n + 11 + 30 = 2*q, -3*n - 5*q = -r. What is the remainder when n is divided by 10?
9
Let k = 19 + 14. Calculate the remainder when k is divided by 19.
14
Let r = 3 + 6. What is the remainder when 14 is divided by r?
5
Let c be -2*(-1 + 2) - -4. Suppose -c*n = -w - 7*n - 3, -4*w = -n - 9. Calculate the remainder when w is divided by 1.
0
Let k(j) = j + 0*j - j**2 - 5*j + 2 + j**3. Suppose -10 - 